 10 - m. Calculate i(j).
-7
Let y = 17045/6 - 11363/4. Let n(b) be the second derivative of 0 + 24*b + y*b**4 + 0*b**3 + 4*b**2. Calculate n(0).
8
Let d = 477 + -474. Suppose 5*c + 25 = 3*l, -5*l + 4*c + d + 56 = 0. Let y(i) = i - 12. Determine y(l).
3
Let c(m) = -3*m**3 + 2*m**2 + m - 1. Suppose 0 + 30 = -6*u. Let r be (u + -1)/12 + 5/2. Calculate c(r).
-15
Let r(x) be the first derivative of 31*x**2/2 + 5*x - 517. Calculate r(4).
129
Suppose -645 - 39 = -138*t + 144. Let x(i) = 8*i - 37. What is x(t)?
11
Let f be (2/6)/(2/6). Let n(x) = 0*x**2 + f + x**2 + 0*x**2. Give n(-3).
10
Suppose -179 = 18*u + 73. Let m(t) = 3*t + 29. Calculate m(u).
-13
Let l(m) = -m + 1. Let r be (7 - (-7 - -13))/(-1). Let z be 55/(-15) - r/3*-1. Give l(z).
5
Let n = -4 - -3. Let z(h) = -147. Let d(m) = -m - 220. Let s(u) = 2*d(u) - 3*z(u). What is s(n)?
3
Let q(k) = 72 + 71 - 146 + 6*k. Let z(f) = -f + 1. Let x(n) = -n**3 + 4*n**2 - n - 2. Let c(b) = -x(b) - 3*z(b). Let v be c(3). Give q(v).
9
Let g(h) = h**3 + 23*h**2 + 28*h + 127. Suppose 14*u = 16*u + 59*u + 1342. Determine g(u).
-5
Suppose 511 = -b + 507, 5*b = -4*v - 44. Let w(o) = -o**2 - 4*o. Calculate w(v).
-12
Let r(v) = 19*v - 2. Suppose -87*n + 300 - 300 = 0. Determine r(n).
-2
Let q(o) = -59*o**2 + o. Suppose -26 = -m - 5*z, -9*m + 5 = -14*m + 2*z. Determine q(m).
-58
Let q = 7626 + -7610. Let b(i) be the third derivative of -1/2*i**3 + 0*i - q*i**2 + 0 + 1/8*i**4. What is b(7)?
18
Suppose -49*w = -52*w. Let h(t) = -1 + 3*t + 5 + w*t + 0*t. Calculate h(-4).
-8
Let h(b) = -11*b**2 + 3*b - 7. Let l = 199 + -192. Let y(n) = 8*n**2 - 2*n + 5. Let f(c) = l*y(c) + 5*h(c). Calculate f(0).
0
Suppose 0 = -13*n + 17*n + 5*y + 9, -5*n + 4*y = 42. Let k(r) be the second derivative of 4*r - 9/2*r**2 + 0 + 5/12*r**4 + 1/20*r**5 - 7/6*r**3. Calculate k(n).
-3
Suppose -53*i - 166 = -7. Let u(x) = -x**3 - 4*x**2 - 5*x - 6. Determine u(i).
0
Let r(u) = -u + 19. Suppose -n + 9 = h, -5*h = -2*n - 2*h + 18. Let x be r(n). Let t(z) = 12*z + 21*z + x*z**2 - 39*z - 2*z**2 - z**3 - 9. Determine t(7).
-2
Let a(q) = -8*q + 14. Let p be -90 - 5/((-15)/(-2))*3. Let f = p + 94. Let u be a(f). Let b(o) = 3*o**2 + 3*o + 1. Give b(u).
7
Let f(u) = 10*u + 2. Let x be f(2). Let y be (-11 - (-2299)/11)/(-1 - 10/(-4)). Let k be 4/x + 1032/y. Let v(p) = -p**2 + 5*p + 10. Calculate v(k).
-14
Let g(d) = -d**3 + 4*d**2 + 3*d + 2. Let k = 4383 - 4379. Determine g(k).
14
Let n(v) = 6*v + 80. Let c(z) = 20*z - 73. Let s be c(3). Give n(s).
2
Let s(d) = -11*d - 73. Let q be (238/102)/((-2)/6). Calculate s(q).
4
Let v(y) = -11*y**2 + 47*y - 45. Let u(z) = 7*z**2 - 31*z + 30. Let g be ((-5)/(-2))/(2*(-10)/40). Let j(w) = g*v(w) - 8*u(w). Determine j(12).
-3
Let z = 3355 - 3338. Let g(s) = -s**2 + 22*s + 4. Determine g(z).
89
Suppose 3*p = -3*b - 342, -5*p - 3*b - 566 - 2 = 0. Let l = p - -116. Let y(k) be the first derivative of -k**3/3 + 2*k**2 + k + 2. Determine y(l).
4
Let p(f) be the second derivative of 4*f**3/3 + f**2 - 8*f. Let w(g) = -g - 1. Let z(v) = p(v) + 3*w(v). Let y be (-21)/6 + (-1)/(-2). What is z(y)?
-16
Let h(v) = -v**2 + 0*v**2 + 0*v**2 + 3*v + 22 - 21. Suppose u - 12 = -4*p, 2 + 1 = 3*p. Let w = 10 - u. Give h(w).
3
Let x = 973 - 962. Let a(i) = x*i - 15*i - 1 - 4*i**2 + i. Give a(-2).
-11
Let f(m) = 3*m**2 + 6*m + 6. Let d(s) = -4*s**2 - 9*s - 9. Let o(h) = -5*d(h) - 7*f(h). Suppose -674 = 6*g + 1798. Let j = 417 + g. Determine o(j).
-7
Let p = 1990 + -1990. Let x(t) be the third derivative of t**4/3 + 4*t**3/3 + t**2. Let y be x(p). Let a(w) = w**2 - 11*w + 12. Calculate a(y).
-12
Let i(w) be the first derivative of w**5/120 - 7*w**4/24 - 61*w**3/3 + 2*w - 241. Let y(j) be the third derivative of i(j). What is y(6)?
-1
Let d(c) = 2*c + 24. Let v(w) = -111*w - 118. Let i be v(-1). What is d(i)?
10
Suppose -162 = -5*g - 92. Let p(a) = 0*a**3 - 5 + 179*a**2 - 2*a + a**3 + g - 187*a**2. What is p(8)?
-7
Let m(i) be the second derivative of -3*i - 7*i**2 + 28 + 1/2*i**3. Calculate m(7).
7
Let a(n) be the second derivative of 2*n**3/3 - 5*n**2 + 3573*n - 1. Let i be (2 - 3)/((-2)/8). Give a(i).
6
Let x(y) = -y**2 - y + 1. Let w be x(2). Let s(f) = 28*f + 52. Let u be s(-2). Let j(t) = 4*t - 3. Let n(g) = -2. Let z(o) = u*n(o) + j(o). Give z(w).
-15
Suppose -4*f = -2*g - 298, 9*f - 291 = 5*f - 5*g. Let a(s) = 78*s + 83*s + f*s - 232*s + 2*s**2. Calculate a(-3).
9
Let b(d) = d**2 + 7*d - 1. Let z be (17 - 3)*(0/1 - -3). Let k = -44 + z. Let c be (-3)/(-2)*8/k. What is b(c)?
-7
Let f(c) = -c**2 - 11*c - 10. Suppose -10*y - 12 = p - 14*y, 0 = -4*p - 2*y - 12. Determine f(p).
18
Let q = 734 + -710. Suppose -6*i = 6*i + q. Let l(o) = -13*o - 5. Determine l(i).
21
Let m(y) = -6*y + 10*y + 173 - 90 - 86. Determine m(-8).
-35
Let t = -102 - -94. Let n(g) = -3*g**2 + g - 1. Let s(o) = o**3 + 3*o**2 + 5*o - 11. Let d(m) = -2*n(m) + s(m). Determine d(t).
31
Let y(j) = j**2 - 3*j - 2. Let i(k) = -9*k**2 - 480*k - 153. Let u be i(-53). Give y(u).
16
Let o(u) = -u**2 - 11*u - 21. Let m(w) = -15*w + 73. Let q be m(5). Let z(x) = 5*x**2 + 55*x + 107. Let a(d) = q*z(d) - 11*o(d). Determine a(-10).
7
Suppose -16*i + 531 = -13*i. Let d(l) = -l**2 - i*l**3 + 1 + 0 - 2*l + 178*l**3. Let f be d(1). Let b(j) = 5*j. What is b(f)?
-5
Let b(d) be the first derivative of 3*d**2/2 - 940. Calculate b(4).
12
Suppose -5*y = 15, -3*y - 4 = -2*w + 3. Let k be (0 + w)/(-3)*-27. Let f(x) = -x - 12. Determine f(k).
-3
Let f = 44 + -44. Let i(z) be the first derivative of 10 - 2 + 2*z**2 - z + f - 5. Calculate i(2).
7
Let q(w) = -7*w**2 + 10 - 29 + 18 + 7*w. Let p(m) = -9*m**2 + 8*m - 1. Let x(f) = 3*p(f) - 4*q(f). Let z(k) = -k**2 + 9*k - 10. Let c be z(7). Give x(c).
1
Let f(u) = -u**3 - 3*u**2 + 10*u - 19. Let q be f(-6). Let g(b) = q*b**2 - 6*b - 85*b**2 + 27*b**2 + 2 + 30*b**2. Let y be -3*((-6)/2 + 1). What is g(y)?
2
Let y(s) be the first derivative of -1/6*s**3 + 6*s**2 - 1 + 1/12*s**4 + 9*s. Let k(l) be the first derivative of y(l). Give k(0).
12
Let l(a) = 17*a - 48. Let q be l(3). Suppose -q*s + 21 = -g + 5, -4*g + 4*s - 56 = 0. Let t(v) = v**2 + 14*v + 12. Give t(g).
-1
Let p be (16/(-10))/((-9)/45). Suppose -4*f + p + 12 = 0. Let q(l) = -2*l + 6. Let d be q(f). Let a(n) = n**2 + 2*n. Determine a(d).
8
Let y(u) = 12 - 4*u + 13 - 39 + 12 + 13. Give y(8).
-21
Let n(r) = 7*r + 99. Let a be n(-13). Let f(g) = -8*g + a*g - g - 3*g. Give f(4).
-16
Let t(o) = o**3 + 23*o**2 + 2*o + 35. Let s be (161/14)/((((-20)/5)/8)/1). Determine t(s).
-11
Let g = -93 - -14. Let v = g + 83. Let m(c) = -205*c**3 + 2 + 207*c**3 - v - 3*c. Give m(-2).
-12
Let z be 12/(-15)*(-15)/6. Suppose -3*g + h = z*h - 487, -4*h = -5*g + 823. Let v(s) = 7 - s**3 + 78*s**2 + 7*s + 81*s**2 - g*s**2. Give v(-5).
-3
Suppose -44 = 3*n - 5*l, 0 = 2*n - 4*l + 14 + 16. Let d = n - -25. Suppose 0 = a - 3*g - d, g = -0 - 5. Let b(r) = -r**2 + 2*r + 1. Determine b(a).
-14
Let l be (3 + 27/(-5))/((-2)/5). Let h be 15/6 - 2 - 33/l. Let g(t) be the first derivative of -3*t**2/2 - 3*t + 5. Calculate g(h).
12
Let s(n) = 9 + 2*n**2 + 0 + 7*n - n**2 - 14. Suppose 0 = -f + 22*f + 147. Give s(f).
-5
Let v(u) = 8*u**2 - 183*u**3 - 5 + 184*u**3 - u - 2*u**2. Let n = 261 + -267. Determine v(n).
1
Let c be ((153/510)/((-6)/(-76)))/(1/5). Let v(s) = -s**3 + 19*s**2 - 4*s + 33. What is v(c)?
-43
Let f(s) be the second derivative of -1/20*s**5 + 0 - 5/24*s**4 - 2/3*s**3 - 2*s**2 - 15*s. Let r(p) be the first derivative of f(p). What is r(-3)?
-16
Let f(k) = 6*k**2 + 4*k**3 + 3*k + k - 7*k - 6 - 5*k**3 - 2*k. Let p(g) be the second derivative of g**3/6 + g**2 + 3*g. Let z be p(3). Give f(z).
-6
Let j(y) = -y**2 - 20*y - 4. Let v(n) = -n**3 + 29*n**2 + 33*n - 109. Let b be v(30). What is j(b)?
15
Let o be 23 + (-3 - 2)/5. Suppose 0 = 3*x - 31 + o. Let d(a) = 1 - 1 - 7 - a**x - a**2 + 0*a**3. What is d(0)?
-7
Let x(f) = 7*f**3 + 4*f**2 + 1. Let i(p) = p**3 + p**2. Let l be ((-4)/16)/((-1)/(-2))*12. Let w(m) = l*i(m) + x(m). Determine w(-1).
-2
Let n(h) be the first derivative of -h**2/2 + 9*h + 2494. What is n(5)?
4
Let t(y) be the second derivative of -8*y**3/3 - 77*y**2/2 + 7*y - 2. Let j(r) = -3*r - 16. Let q(i) = 11*j(i) - 2*t(i). Calculate q(0).
-22
Let w(r) = -r - 1. Let j(n) = -n**2 - 8*n - 18. Suppose 2*q + 2*h 